- 958. Is p composite?
False
Suppose -3*i = -695 - 64. Let s = i + -138. Is s a prime number?
False
Suppose -3 = -2*h + 5*h. Is h/(((-1)/439)/1) prime?
True
Suppose 0 = 6*p - 12*p + 30306. Is p composite?
False
Let k be (1 - 0)/(1/5). Suppose -3*r - 15 = 0, -4*u + k*r + 3 + 26 = 0. Is -11*1*(-3)/u prime?
False
Let p be (-10)/35 - 4/(-14). Suppose 2*v = o - 64, p*v = -2*v - o - 68. Let u = -8 - v. Is u a prime number?
False
Let z be 9 - 4/((-12)/(-9)). Is (-5 + z)*(1 + 222) prime?
True
Let n(k) = -7*k - 5 - 1 + 2 + k**2 + 2*k. Is n(-5) prime?
False
Suppose 0*o + 7*o = 2933. Is o a prime number?
True
Let l(i) = -i**3 + 4*i**2 + 4*i. Let v be l(5). Let f(a) = a**3 + 5*a**2 - 4*a + 3. Let w be f(v). Suppose w = n - 10. Is n composite?
True
Let k(f) be the first derivative of f**4/4 - 3*f**3 - 4*f**2 + 2*f + 4. Let p be k(12). Suppose -57 = -5*g + p. Is g composite?
False
Is (4/6)/((-4)/(-1956)) composite?
True
Let o be 250*4/30*3. Suppose 4*j - o = -8. Is j composite?
False
Suppose 3*g - 1815 = -2*g. Let x = g + -164. Is x prime?
True
Let b be -2 + -18 - 0/1. Let s = 35 + b. Is s prime?
False
Let x = -21 + 35. Suppose -4*b + 342 + x = 0. Is b composite?
False
Let j = 16 + -12. Let q be 0*(2/(-2) + 2). Suppose b - 43 + j = q. Is b composite?
True
Suppose -56*z + 50*z + 3018 = 0. Is z a prime number?
True
Let m(w) be the third derivative of w**5/30 - w**4/4 - 5*w**3/6 + 4*w**2. Is m(6) a prime number?
True
Let n be ((-4)/6)/(6/3231). Let a = -246 - n. Is a prime?
True
Is (-1)/(14650/4885 - 3) prime?
True
Suppose 5*u = -h + 3148, 2*u - u - 640 = 5*h. Let a = u + -367. Is a composite?
False
Let x = -3 - -6. Suppose 0*k = x*k - 249. Is k a composite number?
False
Suppose 0 = -z - 2*y - 222, z - 2*z + 2*y - 202 = 0. Let s = -684 + 375. Let b = z - s. Is b composite?
False
Let a be 1*(2 - (-3)/(-3)). Suppose -o + a = -20. Is o prime?
False
Suppose 2*s = -5*h - 1315, 3*s + s = -4*h - 1052. Let r = 374 + h. Is r a prime number?
False
Let q(f) = f**2 + 1. Let s(u) = 8*u**2 + 7*u + 4. Let l(t) = 2*q(t) - s(t). Let h(v) be the first derivative of l(v). Is h(-8) a composite number?
False
Let n be 2/9 + (-4)/18. Suppose 3*i = -n + 6. Suppose i*v = -v + 237. Is v composite?
False
Suppose 5*r = -3*d + 419, d + d - 416 = -5*r. Is r prime?
False
Let w(a) = a**3 + 5*a**2 - 5*a + 6. Let f be w(-6). Suppose -3*m + 252 + 357 = f. Is m prime?
False
Let u = -2 - -4. Suppose 0 = -u*a + a + 85. Is a a prime number?
False
Let t be 4/((-12)/(-111)) + -2. Suppose -t = -0*q - q. Is q a prime number?
False
Let r = 5 + -3. Let h = 7 - r. Let p(v) = 2*v - 4. Is p(h) prime?
False
Let m be (16/(-10))/(2/5). Suppose 5*i = 44 + 121. Let t = i - m. Is t a composite number?
False
Suppose -v + 3*n + 18 = 0, n + 13 = v - n. Let z be 2/8 + v/(-12). Suppose z = -2*q + 113 + 45. Is q a prime number?
True
Let y(p) = -2*p + 3. Let q be y(3). Is q/(-2)*(-44)/(-3) composite?
True
Let u(a) = 9*a**2 - 3*a - 9. Is u(4) composite?
True
Let c(r) = -r**3 - 7*r**2 + 9*r + 6. Let q be c(-8). Let t be q/(0 - 1) - -2. Suppose 0*p - 4*p - 38 = -2*h, -t*p = 16. Is h a prime number?
True
Let j be 2 - 1 - (4 + -4). Is (-4)/12*(-94 + j) prime?
True
Let w be 126/8 - (-2)/8. Suppose 21*v = w*v + 1985. Is v a composite number?
False
Let a = 62 - 126. Let y = -31 - a. Is y a composite number?
True
Suppose 4*t + 6 = 5*t. Let b = t + -2. Suppose 151 = b*z - 1. Is z composite?
True
Let j = -63 - -4. Let o = 110 + j. Let r = -12 + o. Is r a prime number?
False
Suppose 0 = 4*p - 3*y - 595, 5*y + 208 = p + 72. Suppose d - p = -3*w, 5*d - 5*w + w = 774. Suppose 3*n - d = n. Is n prime?
False
Let a = 1677 - 779. Is a a prime number?
False
Let x be -2 - (-1 + (3 - -2)). Let f be ((-327)/x)/((-4)/16). Is (f/4)/(2/(-4)) prime?
True
Is (-6)/(-3) - (-630 - -1) composite?
False
Let c(m) = -m**2 - m. Let h be c(1). Suppose 156 = 7*w - 3*w. Let i = h + w. Is i prime?
True
Is 468/10 + 6/30 prime?
True
Is 6434*4*(-5)/(-40) prime?
True
Let t be (-4)/(-10) + 14/(-35). Let k be 1/(-2)*t/1. Suppose -2*y - 2*y + 236 = k. Is y a prime number?
True
Let j = 3 - 6. Let d = j + 3. Suppose 3*a = 2*a + 5*r - 10, -5*a - 4*r + 66 = d. Is a composite?
True
Let x = 271 + 46. Is x composite?
False
Let l(o) = -23*o**3 + 3*o**2 + 7*o + 7. Is l(-3) a prime number?
False
Suppose -2*p + 272 = -318. Is p composite?
True
Let x(l) = -l + 8. Let p be x(6). Let k be ((-126)/8)/((-3)/8). Suppose -p*y - y = -k. Is y a prime number?
False
Let v(l) = 2*l**2 + 10*l - 11. Is v(-8) a composite number?
False
Suppose -7 = -2*c + 3*u, 3*c + 4*u - 29 = -2*c. Suppose 0 = c*s - g - 639, 2*s - 4*s + 2*g + 262 = 0. Is s a prime number?
True
Let i(t) = -15*t + 2. Let c be i(-5). Suppose k = 4*p - c, -k - 51 = -3*p + 7. Is p a composite number?
False
Let c(s) = -316*s - 5. Is c(-4) a prime number?
True
Suppose -4*v = -3*f + 20, 2*f + 2*f = 3*v + 22. Suppose f*x - 20 = 2*q - q, -q = 0. Suppose 147 = x*g + 37. Is g a prime number?
False
Suppose 4*t - 12 = 0, -2*z + t + 0*t = 7. Is (-1)/(z - 738/(-370)) composite?
True
Let h(x) = x + 13. Let z be h(-7). Suppose k + 10 = z*k. Suppose 0 = -5*o - 2*r + 19, 0 = k*o + 5*r - 16 - 0. Is o a prime number?
True
Let m be 1/1*(5 - 3). Suppose -m*a = -a - 259. Is a a prime number?
False
Let q(g) = 29*g**2 + 3*g - 1. Is q(3) a composite number?
False
Let o = 4 - 0. Is (-883)/(-4) + o/16 a prime number?
False
Let h be (1 + (1 - 1))*-831. Let y = -592 - h. Is y a composite number?
False
Let f be 1 + -18 - (-36)/(-9). Let m = 202 - f. Is m composite?
False
Let w(y) = -41*y - 1. Is w(-8) composite?
True
Let v = 2 - -3. Suppose 0*m - 4*z = 5*m - 1473, 4*m + v*z = 1182. Is m prime?
True
Suppose 2*l - 4*l = 102. Suppose -61 = 4*c + 51. Let w = c - l. Is w prime?
True
Suppose -x + 483 = 2*x. Suppose 5*z + 121 = -a - a, 3*z = 2*a + x. Let m = a - -108. Is m prime?
False
Let z(w) = 2*w**2 - 4*w + 1. Let p be z(6). Let y = p + -18. Let o = y + -21. Is o a composite number?
True
Suppose -3554 = -4*p + 2*x, -4*x = -4*p + 2*p + 1774. Is p composite?
True
Suppose -60 - 152 = -4*q. Is q prime?
True
Let c = -11 + 14. Suppose -c*v + 33 = -60. Is v composite?
False
Let n(g) = g**2 + 2. Let x(i) = -i**3 + 8*i**2 - 7*i - 9. Let o be x(7). Is n(o) prime?
True
Suppose -8 - 16 = -3*i - 3*q, -5*q + 4 = -4*i. Suppose 0 = i*r - r - 93. Is r a prime number?
True
Is (0 - -482 - -3)/1 prime?
False
Suppose -2*d = -4 - 6. Suppose -d*y - 721 = -1806. Is y prime?
False
Suppose c + 0*c - 3 = 0. Suppose -4*d - m + 144 = c*m, -5*d + 4*m = -153. Suppose 178 = u - d. Is u prime?
True
Let y = 2354 + -844. Suppose -2*u = 4*l - y, -2*u = l - 437 + 64. Is l prime?
True
Suppose 2*z + 2954 = 4*z. Is z composite?
True
Suppose 5*w = -0*w + j + 801, 2*j + 475 = 3*w. Is w a prime number?
False
Is (-8 + 9)/(((-2)/8842)/(-1)) prime?
True
Let i = -17 - -20. Suppose 5*c - s = 2*c - 1, 4*c + 2*s = 2. Suppose c*x - 141 = -i*x. Is x a prime number?
True
Suppose -4*i + 2*i + 1796 = -3*m, 0 = 3*i + m - 2683. Is i a prime number?
False
Suppose 3*s = -2*g - 239, -5*s - 2*g = g + 397. Let m be (-5 + 9)*s/(-2). Suppose -o - m = -5*l, 4*l - 2*o = o + 121. Is l a composite number?
False
Let r = -25 - -84. Is r a prime number?
True
Let j = 650 - 304. Is j a prime number?
False
Let w = 18 + -53. Is 3 + -5 - (0 + w) composite?
True
Let c(n) = 4*n**3 + 3*n + 3. Let x be c(3). Suppose -114 - x = -2*m. Suppose -2*s + 1 + m = 0. Is s a prime number?
True
Let p = -1 + 3. Let z(b) = b. Let v be z(0). Is 35 - (v + 2 - p) a composite number?
True
Let d be (3/6)/((-2)/(-8)). Let n be (-1 - 1)/(d/(-106)). Let c = -63 + n. Is c a prime number?
True
Suppose -7*z + 1504 = -645. Is z prime?
True
Let d be (-14)/(-63) + (-16)/(-9). Is (3/(-6))/(d/(-92)) prime?
True
Let w(q) = q**3 - 2*q + 251. Is w(0) a composite number?
False
Suppose 5*p = -5 + 20. Let c be (0 - (-22)/3)*p. Let z = 59 - c. Is z a prime number?
True
Let g be (-2)/(-4)*12/(-6). Is g/(((-1)/(-1))/(-67)) a composite number?
False
Suppose 17 = -3*k - z - 3, 22 = -3*k + z. Let c(n) = -20*n + 9. Is c(k) a prime number?
True
Let k(c) = c - 2. Suppose -24 = -2*j - 2*j. Let p be k(j). Suppose -4*f + 60 = -p*h, -7 = -f - 0*f + 3*h. Is f a prime number?
True
Suppose 0 = -7*x + 4*x + 18. Let o(n) = -n**2 + 8*n - 8. Let c be o(x). Let j(y) = y**3 - 4*y**2 + 3*y 